{"id":9239,"date":"2025-03-12T11:23:13","date_gmt":"2025-03-12T17:23:13","guid":{"rendered":"https:\/\/www.becarios.unam.mx\/Portal2018\/?page_id=9239"},"modified":"2025-04-29T17:33:02","modified_gmt":"2025-04-29T23:33:02","slug":"beca-para-disminuir-el-bajo-rendimiento-academico-2","status":"publish","type":"page","link":"https:\/\/www.becarios.unam.mx\/Portal2018\/?page_id=9239","title":{"rendered":"<span style=\"font-family: 'Century Gothic'; color: #c5911e; \">BECA PARA DISMINUIR EL BAJO RENDIMIENTO ACAD\u00c9MICO<\/span>"},"content":{"rendered":"\n\n\n<h3><span style=\"color: #183659; font-family: 'Century Gothic';\">Beca\u00a0 BDBRA 2025-2<\/span><\/h3>\n<table style=\"border-collapse: collapse; width: 100.234%; height: 322px;\">\n<tbody>\n<tr style=\"height: 322px;\">\n<td style=\"width: 50%; height: 322px;\">\n<h5 style=\"text-align: left;\"><strong><a style=\"color: #616161;\" href=\"https:\/\/www.becarios.unam.mx\/Portal2018\/wp-content\/uploads\/2025\/03\/CONVOCATORIA-BECA-PARA-DISMINUIR-EL-BAJO-RENDIMIENTO-ACADEMICO-2025-2.pdf\" target=\"_blank\" rel=\"noopener noreferrer\"><span style=\"font-family: 'Century Gothic';\">Convocatoria<\/span><\/a><\/strong><\/h5>\n<h5 style=\"text-align: left;\"><strong><a style=\"color: #616161;\" href=\"https:\/\/www.becarios.unam.mx\/Portal2018\/wp-content\/uploads\/2025\/03\/INFOGRAFIA-BECA-PARA-DISMINUIR-EL-BAJO-RENDIMIENTO-ACADEMICO-2025-2.pdf\" target=\"_blank\" rel=\"noopener noreferrer\"><span style=\"font-family: 'Century Gothic';\">Infograf\u00eda<\/span><\/a><\/strong><\/h5>\n<!--<h5 style=\"text-align: left;\"><strong><a style=\"color: #616161;\" href=\"https:\/\/www.becarios.unam.mx\/Portal2018\/wp-content\/uploads\/2024\/09\/Preguntas-frecuentes-BDBRA-2025-1.pdf\" target=\"_blank\" rel=\"noopener noreferrer\"><span style=\"font-family: 'Century Gothic';\">Preguntas Frecuentes<\/span><\/a><\/strong><\/h5>-->\n<h5 style=\"text-align: left;\"><a href=\"https:\/\/www.becarios.unam.mx\/Portal2018\/wp-content\/uploads\/2024\/11\/DIRECTORIO-BR25-1-VS-13SEP24.pdf\" target=\"_blank\" rel=\"noopener noreferrer\"><strong><span style=\"font-family: 'Century Gothic'; color: #616161;\">Directorio de responsables<\/span><\/strong><\/a><\/h5>\n<h5 style=\"text-align: left;\"><a href=\"https:\/\/www.integra.unam.mx\" target=\"_blank\" rel=\"noopener noreferrer\"><strong><span style=\"font-family: 'Century Gothic'; color: #616161;\">Consulta de resultados<\/span><\/strong><\/a><\/h5>\n<h5 style=\"text-align: left;\"><a href=\"https:\/\/www.becarios.unam.mx\/Portal2018\/wp-content\/uploads\/2025\/04\/FOLIOS-BAJO-RENDIMIENTO-2025-2.pdf\"><strong><span style=\"font-family: 'Century Gothic'; color: #616161;\">Folios de consulta de resultados<\/span><\/strong><\/a><\/h5>\n<h5 style=\"text-align: left;\"><strong style=\"color: revert; font-size: revert; font-family: inherit;\"><a style=\"font-family: 'Century Gothic'; color: #616161;\" href=\"https:\/\/www.becarios.unam.mx\/Portal2018\/wp-content\/uploads\/2025\/04\/alumnos-menores-de-edad-1-scaled.jpg\" target=\"_blank\" rel=\"noopener\">Infograf\u00eda: Procedimiento para pago alumnos menores de edad<\/a><\/strong><\/h5>\n<h5 style=\"text-align: left;\"><strong style=\"color: revert; font-size: revert; font-family: inherit;\"><a style=\"font-family: 'Century Gothic'; color: #616161;\" href=\"https:\/\/www.becarios.unam.mx\/Portal2018\/wp-content\/uploads\/2025\/04\/alumnos-con-CLABE-registrada-en-integra-1-scaled.jpg\" target=\"_blank\" rel=\"noopener\">Infograf\u00eda: Procedimiento para pago alumnos con clabe registrada en INTEGRA<\/a><\/strong><\/h5>\n<h5 style=\"text-align: left;\"><strong style=\"color: revert; font-size: revert; font-family: inherit;\"><a style=\"font-family: 'Century Gothic'; color: #616161;\" href=\"https:\/\/www.becarios.unam.mx\/Portal2018\/wp-content\/uploads\/2025\/04\/alumnos-que-rechazan-CLABE-y-deben-registar-datos-bancarios-1-scaled.jpg\" target=\"_blank\" rel=\"noopener\">Infograf\u00eda: Procedimiento para pago alumnos que rechazan clabe y\/o deben registrar datos bancarios<\/a><\/strong><\/h5>\n<!--<h5 style=\"text-align: left;\"><a href=\"https:\/\/youtu.be\/UBSOIbCog00\" target=\"_blank\" rel=\"noopener noreferrer\"><strong><span style=\"font-family: 'Century Gothic'; color: #616161;\">Proceso de Bancarizaci\u00f3n<\/span><\/strong><\/a><\/h5>-->\n<p style=\"text-align: left;\"><!--<a href=\"https:\/\/www.becarios.unam.mx\/Sistemas\/Becas2019\/ADEVulnera201Horarios\/resultados.php?L=1&amp;prog=8\" target=\"_blank\" rel=\"noopener noreferrer\"><strong><span style=\"font-family: 'Century Gothic'; color: #616161;\">Consulta el horario para recoger medio de pago<\/span><\/strong><\/a>--><\/p>\n<\/td>\n<td style=\"width: 50.2345%; height: 322px;\">\n<p><iframe loading=\"lazy\" src=\"\/\/www.youtube.com\/embed\/P1tt-KBhEe0\" width=\"560\" height=\"314\" allowfullscreen=\"allowfullscreen\"><\/iframe><\/p>\n<p><iframe loading=\"lazy\" src=\"\/\/www.youtube.com\/embed\/YijgslaGT_4\" width=\"560\" height=\"314\" allowfullscreen=\"allowfullscreen\"><\/iframe><\/p>\n<\/td>\n<\/tr>\n<\/tbody>\n<\/table>\n<!--<p><img loading=\"lazy\" decoding=\"async\" class=\"aligncenter\" src=\"https:\/\/www.becarios.unam.mx\/Portal2018\/wp-content\/uploads\/2025\/03\/Bajo-Rendimiento.png\" alt=\"\" width=\"600\" height=\"600\" \/><\/p>-->\n\n\n\n<p style=\"text-align: center;\"><strong><span style=\"font-family: 'Century Gothic'; color: #616161;\">Correo de contacto y atenci\u00f3n:<\/span><\/strong><br \/><strong><a style=\"color: #183659;\" href=\"mailto:beca_bdbra@unam.mx\" target=\"_blank\" rel=\"noopener noreferrer\"><span style=\"font-family: 'Century Gothic';\">beca_bdbra@unam.mx<\/span><\/a><\/strong><\/p>\n","protected":false},"excerpt":{"rendered":"<p>Beca\u00a0 BDBRA 2025-2 Convocatoria Infograf\u00eda Directorio de responsables Consulta de resultados Folios de consulta de resultados Infograf\u00eda: Procedimiento para pago alumnos menores de edad Infograf\u00eda: Procedimiento para pago alumnos con clabe registrada en INTEGRA&#46;&#46;&#46;<\/p>\n","protected":false},"author":4,"featured_media":0,"parent":0,"menu_order":0,"comment_status":"closed","ping_status":"closed","template":"","meta":{"footnotes":""},"_links":{"self":[{"href":"https:\/\/www.becarios.unam.mx\/Portal2018\/index.php?rest_route=\/wp\/v2\/pages\/9239"}],"collection":[{"href":"https:\/\/www.becarios.unam.mx\/Portal2018\/index.php?rest_route=\/wp\/v2\/pages"}],"about":[{"href":"https:\/\/www.becarios.unam.mx\/Portal2018\/index.php?rest_route=\/wp\/v2\/types\/page"}],"author":[{"embeddable":true,"href":"https:\/\/www.becarios.unam.mx\/Portal2018\/index.php?rest_route=\/wp\/v2\/users\/4"}],"replies":[{"embeddable":true,"href":"https:\/\/www.becarios.unam.mx\/Portal2018\/index.php?rest_route=%2Fwp%2Fv2%2Fcomments&post=9239"}],"version-history":[{"count":20,"href":"https:\/\/www.becarios.unam.mx\/Portal2018\/index.php?rest_route=\/wp\/v2\/pages\/9239\/revisions"}],"predecessor-version":[{"id":10221,"href":"https:\/\/www.becarios.unam.mx\/Portal2018\/index.php?rest_route=\/wp\/v2\/pages\/9239\/revisions\/10221"}],"wp:attachment":[{"href":"https:\/\/www.becarios.unam.mx\/Portal2018\/index.php?rest_route=%2Fwp%2Fv2%2Fmedia&parent=9239"}],"curies":[{"name":"wp","href":"https:\/\/api.w.org\/{rel}","templated":true}]}}