{"id":2651,"date":"2020-04-15T16:58:12","date_gmt":"2020-04-15T22:58:12","guid":{"rendered":"https:\/\/www.becarios.unam.mx\/Portal2018\/?page_id=2651"},"modified":"2023-02-09T15:54:11","modified_gmt":"2023-02-09T21:54:11","slug":"historico-de-convocatorias-2019-2020","status":"publish","type":"page","link":"https:\/\/www.becarios.unam.mx\/Portal2018\/?page_id=2651","title":{"rendered":"<span style=\"font-family: 'Century Gothic'; color: #c5911e; \">HIST\u00d3RICO DE CONVOCATORIAS 2019-2020<\/span>"},"content":{"rendered":"\n<h3><span style=\"color: #183659; font-family: 'Century Gothic';\">Egresados<\/span><\/h3>\n<ul>\n<li><a style=\"color: #616161;\" href=\"https:\/\/www.becarios.unam.mx\/Portal2018\/wp-content\/uploads\/2019\/09\/CONVOCATORIA_TITULACION_ALTO-RENDIMIENTO_2020_compressed.pdf\" target=\"_blank\" rel=\"noopener noreferrer\"><span style=\"font-family: 'Century Gothic';\">Titulaci\u00f3n Alto Rendimiento<\/span><\/a><\/li>\n<li><a style=\"color: #616161;\" href=\"https:\/\/www.becarios.unam.mx\/Portal2018\/wp-content\/uploads\/2019\/09\/CONVOCATORIA_TITULACION_INVESTIGACION_2020_compressed.pdf\" target=\"_blank\" rel=\"noopener noreferrer\"><span style=\"font-family: 'Century Gothic';\">Titulaci\u00f3n Proyectos de Investigaci\u00f3n<\/span><\/a><\/li>\n<li><a style=\"color: #616161;\" href=\"https:\/\/www.becarios.unam.mx\/Portal2018\/wp-content\/uploads\/2019\/09\/CONVOCATORIA_TITULACI%C3%93N_EXTEMPOR%C3%81NEOS_2020_compressed.pdf\" target=\"_blank\" rel=\"noopener noreferrer\"><span style=\"font-family: 'Century Gothic';\">Titulaci\u00f3n Egresados Extempor\u00e1neos<\/span><\/a><\/li>\n<li><a style=\"color: #616161;\" href=\"https:\/\/www.becarios.unam.mx\/Portal2018\/wp-content\/uploads\/2019\/08\/CONVOCATORIA_TITULACION_Especialidad-_2020.pdf\" target=\"_blank\" rel=\"noopener noreferrer\"><span style=\"font-family: 'Century Gothic';\">Titulaci\u00f3n Egresados Especialidad<\/span><\/a><\/li>\n<li><a style=\"color: #616161;\" href=\"https:\/\/www.becarios.unam.mx\/Portal2018\/wp-content\/uploads\/2019\/09\/CONVOCATORIA_TITULACION_FILOSOF%C3%8FA_2020_compressed-1.pdf\" target=\"_blank\" rel=\"noopener noreferrer\"><span style=\"font-family: 'Century Gothic';\">Titulaci\u00f3n facultad de Filosof\u00eda y Letras<\/span><\/a><\/li>\n<\/ul>\n<h3><span style=\"color: #183659; font-family: 'Century Gothic';\">Licenciatura<\/span><\/h3>\n<ul>\n<li><a style=\"color: #616161;\" href=\"https:\/\/www.becarios.unam.mx\/Portal2018\/wp-content\/uploads\/2019\/06\/APOYO-NUTRICIONAL_CONVOCATORIA-2020-1.pdf\" target=\"_blank\" rel=\"noopener noreferrer\"><span style=\"font-family: 'Century Gothic';\">Programa De Apoyo Nutricional 2020-1<\/span><\/a><\/li>\n<li><a style=\"color: #616161;\" href=\"https:\/\/www.becarios.unam.mx\/Portal2018\/wp-content\/uploads\/2020\/01\/APOYO-NUTRICIONAL_CONVOCATORIA_2020-2.pdf\" target=\"_blank\" rel=\"noopener noreferrer\"><span style=\"font-family: 'Century Gothic';\">Programa De Apoyo Nutricional 2020-2<\/span><\/a><\/li>\n<li><a style=\"color: #616161;\" href=\"https:\/\/www.deporte.unam.mx\/convocatorias\/pdf\/convoca_becas_2019_imprimir_1.pdf\" target=\"_blank\" rel=\"noopener noreferrer\"><span style=\"font-family: 'Century Gothic';\">Alumnos Deportistas de la UNAM 2020-1<\/span><\/a><\/li>\n<li><a style=\"color: #616161;\" href=\"https:\/\/www.becarios.unam.mx\/Portal2018\/wp-content\/uploads\/2020\/01\/convoca_becas_2020-2.pdf\" target=\"_blank\" rel=\"noopener noreferrer\"> <span style=\"font-family: 'Century Gothic';\"> Alumnos Deportistas de la UNAM 2020-2<\/span><\/a><\/li>\n<li><a style=\"color: #616161;\" href=\"https:\/\/www.becarios.unam.mx\/Portal2018\/wp-content\/uploads\/2019\/06\/Convocatoria-oficial_compressed.pdf\" target=\"_blank\" rel=\"noopener noreferrer\"> <span style=\"font-family: 'Century Gothic';\"> Permanencia Escolar EDOMEX<\/span><\/a><\/li>\n<li><a style=\"color: #616161;\" href=\"https:\/\/www.becarios.unam.mx\/Portal2018\/wp-content\/uploads\/2019\/09\/CONVOCATORIA_APOYO-VULNERABLES_2020_compressed.pdf\" target=\"_blank\" rel=\"noopener noreferrer\"> <span style=\"font-family: 'Century Gothic';\"> Grupos Vulnerables 2019-2020<\/span><\/a><\/li>\n<li><a style=\"color: #616161;\" href=\"https:\/\/www.becarios.unam.mx\/Portal2018\/wp-content\/uploads\/2020\/02\/CONVOCATORIA_APOYO-VULNERABLES_2020.pdf\" target=\"_blank\" rel=\"noopener noreferrer\"> <span style=\"font-family: 'Century Gothic';\"> Grupos Vulnerables 2020<\/span><\/a><\/li>\n<li><a style=\"color: #616161;\" href=\"https:\/\/www.becarios.unam.mx\/Portal2018\/wp-content\/uploads\/2019\/09\/CONVOCATORIA_BAJO-RENDIMIENTO_2020-2.0_compressed.pdf\" target=\"_blank\" rel=\"noopener noreferrer\"> <span style=\"font-family: 'Century Gothic';\"> Bajo Rendimiento Acad\u00e9mico 2019-2020<\/span><\/a><\/li>\n<li><a style=\"color: #616161;\" href=\"https:\/\/www.becarios.unam.mx\/Portal2018\/wp-content\/uploads\/2019\/09\/CONVOCATORIA_BECALOS_LICENCIATURA-2019-2020_compressed2.pdf\" target=\"_blank\" rel=\"noopener noreferrer\"> <span style=\"font-family: 'Century Gothic';\"> B\u00e9calos Licenciatura 2019-2020<\/span><\/a><\/li>\n<li><span style=\"font-family: 'Century Gothic';\"><a style=\"color: #616161;\" href=\"https:\/\/www.becarios.unam.mx\/Portal2018\/wp-content\/uploads\/2019\/10\/CONVOCATORIA_BECALOS_LICENCIATURA-EXTRAORDINARIA-2-2019-2020_compressed.pdf\" target=\"_blank\" rel=\"noopener noreferrer\"> B\u00e9calos Licenciatura Extraordinaria 2019-2020<\/a><\/span><\/li>\n<li><a style=\"color: #616161;\" href=\"https:\/\/www.becarios.unam.mx\/Portal2018\/wp-content\/uploads\/2020\/02\/CONVOCATORIA_BECALOS_LICENCIATURA-SEM-2020-2.pdf\" target=\"_blank\" rel=\"noopener noreferrer\"><span style=\"font-family: 'Century Gothic';\">B\u00e9calos Licenciatura 2020-2<\/span><\/a><\/li>\n<li><a style=\"color: #616161;\" href=\"https:\/\/www.becarios.unam.mx\/Portal2018\/wp-content\/uploads\/2019\/09\/Manutenci%C3%B3n-UNAM-2020_compressed.pdf\" target=\"_blank\" rel=\"noopener noreferrer\"><span style=\"font-family: 'Century Gothic';\">Beca deManutenci\u00f3n 2019<\/span><\/a><\/li>\n<li><a style=\"color: #616161;\" href=\"https:\/\/www.becarios.unam.mx\/Portal2018\/wp-content\/uploads\/2019\/11\/CONVOCATORIA_MANUTENCION-EXT_compressed1.pdf\" target=\"_blank\" rel=\"noopener noreferrer\"><span style=\"font-family: 'Century Gothic';\">Beca de Manutenci\u00f3n Extraordinaria 2019<\/span><\/a><\/li>\n<li><a style=\"color: #616161;\" href=\"https:\/\/www.becarios.unam.mx\/Portal2018\/wp-content\/uploads\/2020\/03\/MANUTENCION-NUEVAS-FECHAS.pdf\" target=\"_blank\" rel=\"noopener noreferrer\"><span style=\"font-family: 'Century Gothic';\">Beca de Manutenci\u00f3n Semestre 2020-2<\/span><\/a><\/li>\n<li><a style=\"color: #616161;\" href=\"https:\/\/www.becarios.unam.mx\/Portal2018\/wp-content\/uploads\/2019\/09\/CONVOCATORIA_PFMU_2019-2020.1_compressed.pdf\" target=\"_blank\" rel=\"noopener noreferrer\"><span style=\"font-family: 'Century Gothic';\">Fortalecimiento Acad\u00e9mico Para Las Mujeres Universitarias<\/span><\/a><\/li>\n<li><a style=\"color: #616161;\" href=\"https:\/\/www.becarios.unam.mx\/Portal2018\/wp-content\/uploads\/2019\/08\/CONVOCATORIA_PFEL_PAEA_2019-2020.pdf\" target=\"_blank\" rel=\"noopener noreferrer\"><span style=\"font-family: 'Century Gothic';\">Fortalecimiento y Alta exigencia Acad\u00e9mica<\/span><\/a><\/li>\n<\/ul>\n<h3><span style=\"color: #183659; font-family: 'Century Gothic';\">Bachillerato<\/span><\/h3>\n<ul style=\"list-style-type: disc;\">\n<li><a style=\"color: #616161;\" href=\"https:\/\/www.becarios.unam.mx\/Portal2018\/wp-content\/uploads\/2018\/06\/APOYO-NUTRICIONAL_CONVOCATORIA_2019-1_comprimido.pdf\" target=\"_blank\" rel=\"noopener noreferrer\"><span style=\"font-family: 'Century Gothic';\">Programa De Apoyo Nutricional 2019-1<\/span><\/a><\/li>\n<li><a style=\"color: #616161;\" href=\"https:\/\/www.becarios.unam.mx\/Portal2018\/wp-content\/uploads\/2019\/01\/APOYO-NUTRICIONAL_CONVOCATORIA_1-ilovepdf-compressed-6.pdf\" target=\"_blank\" rel=\"noopener noreferrer\"><span style=\"font-family: 'Century Gothic';\">Programa De Apoyo Nutricional 2019-2<\/span><\/a><\/li>\n<li><a style=\"color: #616161;\" href=\"https:\/\/www.becarios.unam.mx\/Portal2018\/wp-content\/uploads\/2018\/07\/Convocatoria-2019-1-Equipos-representativos.pdf\" target=\"_blank\" rel=\"noopener noreferrer\"><span style=\"font-family: 'Century Gothic';\">Alumnos Deportistas de la UNAM 2019-1<\/span><\/a><\/li>\n<li><a style=\"color: #616161;\" href=\"https:\/\/www.becarios.unam.mx\/Portal2018\/wp-content\/uploads\/2019\/02\/Beca_deportistas_2019-2.pdf\" target=\"_blank\" rel=\"noopener noreferrer\"> <span style=\"font-family: 'Century Gothic';\"> Alumnos Deportistas de la UNAM 2019-2<\/span><\/a><a style=\"color: #616161;\" href=\"https:\/\/www.becarios.unam.mx\/Portal2018\/wp-content\/uploads\/2018\/09\/Convocatoria_Discapacidad-2019-1.pdf\" target=\"_blank\" rel=\"noopener noreferrer\">\u00a0<\/a><a style=\"color: #616161;\" href=\"https:\/\/www.becasmediasuperior.sep.gob.mx\/beca-transporte-18\" target=\"_blank\" rel=\"noopener noreferrer\">\u00a0<\/a><\/li>\n<li><a style=\"color: #616161;\" href=\"https:\/\/www.becarios.unam.mx\/Portal2018\/wp-content\/uploads\/2019\/06\/Convocatoria-oficial_compressed.pdf\" target=\"_blank\" rel=\"noopener noreferrer\"> <span style=\"font-family: 'Century Gothic';\"> Permanencia Escolar EDOMEX<\/span><\/a><\/li>\n<\/ul>\n<h3><span style=\"color: #183659; font-family: 'Century Gothic';\">Iniciaci\u00f3n Universitaria<\/span><\/h3>\n<ul>\n<li><a style=\"color: #616161;\" href=\"https:\/\/www.becarios.unam.mx\/Portal2018\/wp-content\/uploads\/2020\/02\/CONVOCATORIA_APOYO-VULNERABLES_2020.pdf\" target=\"_blank\" rel=\"noopener noreferrer\"> <span style=\"font-family: 'Century Gothic';\"> Grupos Vulnerables 2020<\/span><\/a><\/li>\n<\/ul>\n","protected":false},"excerpt":{"rendered":"<p>Egresados Titulaci\u00f3n Alto Rendimiento Titulaci\u00f3n Proyectos de Investigaci\u00f3n Titulaci\u00f3n Egresados Extempor\u00e1neos Titulaci\u00f3n Egresados Especialidad Titulaci\u00f3n facultad de Filosof\u00eda y Letras Licenciatura Programa De Apoyo Nutricional 2020-1 Programa De Apoyo Nutricional 2020-2 Alumnos Deportistas de&#46;&#46;&#46;<\/p>\n","protected":false},"author":4,"featured_media":0,"parent":0,"menu_order":0,"comment_status":"closed","ping_status":"closed","template":"","meta":{"footnotes":""},"_links":{"self":[{"href":"https:\/\/www.becarios.unam.mx\/Portal2018\/index.php?rest_route=\/wp\/v2\/pages\/2651"}],"collection":[{"href":"https:\/\/www.becarios.unam.mx\/Portal2018\/index.php?rest_route=\/wp\/v2\/pages"}],"about":[{"href":"https:\/\/www.becarios.unam.mx\/Portal2018\/index.php?rest_route=\/wp\/v2\/types\/page"}],"author":[{"embeddable":true,"href":"https:\/\/www.becarios.unam.mx\/Portal2018\/index.php?rest_route=\/wp\/v2\/users\/4"}],"replies":[{"embeddable":true,"href":"https:\/\/www.becarios.unam.mx\/Portal2018\/index.php?rest_route=%2Fwp%2Fv2%2Fcomments&post=2651"}],"version-history":[{"count":16,"href":"https:\/\/www.becarios.unam.mx\/Portal2018\/index.php?rest_route=\/wp\/v2\/pages\/2651\/revisions"}],"predecessor-version":[{"id":6247,"href":"https:\/\/www.becarios.unam.mx\/Portal2018\/index.php?rest_route=\/wp\/v2\/pages\/2651\/revisions\/6247"}],"wp:attachment":[{"href":"https:\/\/www.becarios.unam.mx\/Portal2018\/index.php?rest_route=%2Fwp%2Fv2%2Fmedia&parent=2651"}],"curies":[{"name":"wp","href":"https:\/\/api.w.org\/{rel}","templated":true}]}}

<span style="font-family: 'Century Gothic'; color: #c5911e; ">HISTÓRICO DE CONVOCATORIAS 2019-2020</span>

<h3><span style="color: #183659; font-family: 'Century Gothic';">Egresados</span></h3>
<ul>
<li><a style="color: #616161;" href="https://www.becarios.unam.mx/Portal2018/wp-content/uploads/2019/09/CONVOCATORIA_TITULACION_ALTO-RENDIMIENTO_2020_compressed.pdf" target="_blank" rel="noopener noreferrer"><span style="font-family: 'Century Gothic';">Titulación Alto Rendimiento</span></a></li>
<li><a style="color: #616161;" href="https://www.becarios.unam.mx/Portal2018/wp-content/uploads/2019/09/CONVOCATORIA_TITULACION_INVESTIGACION_2020_compressed.pdf" target="_blank" rel="noopener noreferrer"><span style="font-family: 'Century Gothic';">Titulación Proyectos de Investigación</span></a></li>
<li><a style="color: #616161;" href="https://www.becarios.unam.mx/Portal2018/wp-content/uploads/2019/09/CONVOCATORIA_TITULACI%C3%93N_EXTEMPOR%C3%81NEOS_2020_compressed.pdf" target="_blank" rel="noopener noreferrer"><span style="font-family: 'Century Gothic';">Titulación Egresados Extemporáneos</span></a></li>
<li><a style="color: #616161;" href="https://www.becarios.unam.mx/Portal2018/wp-content/uploads/2019/08/CONVOCATORIA_TITULACION_Especialidad-_2020.pdf" target="_blank" rel="noopener noreferrer"><span style="font-family: 'Century Gothic';">Titulación Egresados Especialidad</span></a></li>
<li><a style="color: #616161;" href="https://www.becarios.unam.mx/Portal2018/wp-content/uploads/2019/09/CONVOCATORIA_TITULACION_FILOSOF%C3%8FA_2020_compressed-1.pdf" target="_blank" rel="noopener noreferrer"><span style="font-family: 'Century Gothic';">Titulación facultad de Filosofía y Letras</span></a></li>
</ul>
<h3><span style="color: #183659; font-family: 'Century Gothic';">Licenciatura</span></h3>
<ul>
<li><a style="color: #616161;" href="https://www.becarios.unam.mx/Portal2018/wp-content/uploads/2019/06/APOYO-NUTRICIONAL_CONVOCATORIA-2020-1.pdf" target="_blank" rel="noopener noreferrer"><span style="font-family: 'Century Gothic';">Programa De Apoyo Nutricional 2020-1</span></a></li>
<li><a style="color: #616161;" href="https://www.becarios.unam.mx/Portal2018/wp-content/uploads/2020/01/APOYO-NUTRICIONAL_CONVOCATORIA_2020-2.pdf" target="_blank" rel="noopener noreferrer"><span style="font-family: 'Century Gothic';">Programa De Apoyo Nutricional 2020-2</span></a></li>
<li><a style="color: #616161;" href="https://www.deporte.unam.mx/convocatorias/pdf/convoca_becas_2019_imprimir_1.pdf" target="_blank" rel="noopener noreferrer"><span style="font-family: 'Century Gothic';">Alumnos Deportistas de la UNAM 2020-1</span></a></li>
<li><a style="color: #616161;" href="https://www.becarios.unam.mx/Portal2018/wp-content/uploads/2020/01/convoca_becas_2020-2.pdf" target="_blank" rel="noopener noreferrer"> <span style="font-family: 'Century Gothic';"> Alumnos Deportistas de la UNAM 2020-2</span></a></li>
<li><a style="color: #616161;" href="https://www.becarios.unam.mx/Portal2018/wp-content/uploads/2019/06/Convocatoria-oficial_compressed.pdf" target="_blank" rel="noopener noreferrer"> <span style="font-family: 'Century Gothic';"> Permanencia Escolar EDOMEX</span></a></li>
<li><a style="color: #616161;" href="https://www.becarios.unam.mx/Portal2018/wp-content/uploads/2019/09/CONVOCATORIA_APOYO-VULNERABLES_2020_compressed.pdf" target="_blank" rel="noopener noreferrer"> <span style="font-family: 'Century Gothic';"> Grupos Vulnerables 2019-2020</span></a></li>
<li><a style="color: #616161;" href="https://www.becarios.unam.mx/Portal2018/wp-content/uploads/2020/02/CONVOCATORIA_APOYO-VULNERABLES_2020.pdf" target="_blank" rel="noopener noreferrer"> <span style="font-family: 'Century Gothic';"> Grupos Vulnerables 2020</span></a></li>
<li><a style="color: #616161;" href="https://www.becarios.unam.mx/Portal2018/wp-content/uploads/2019/09/CONVOCATORIA_BAJO-RENDIMIENTO_2020-2.0_compressed.pdf" target="_blank" rel="noopener noreferrer"> <span style="font-family: 'Century Gothic';"> Bajo Rendimiento Académico 2019-2020</span></a></li>
<li><a style="color: #616161;" href="https://www.becarios.unam.mx/Portal2018/wp-content/uploads/2019/09/CONVOCATORIA_BECALOS_LICENCIATURA-2019-2020_compressed2.pdf" target="_blank" rel="noopener noreferrer"> <span style="font-family: 'Century Gothic';"> Bécalos Licenciatura 2019-2020</span></a></li>
<li><span style="font-family: 'Century Gothic';"><a style="color: #616161;" href="https://www.becarios.unam.mx/Portal2018/wp-content/uploads/2019/10/CONVOCATORIA_BECALOS_LICENCIATURA-EXTRAORDINARIA-2-2019-2020_compressed.pdf" target="_blank" rel="noopener noreferrer"> Bécalos Licenciatura Extraordinaria 2019-2020</a></span></li>
<li><a style="color: #616161;" href="https://www.becarios.unam.mx/Portal2018/wp-content/uploads/2020/02/CONVOCATORIA_BECALOS_LICENCIATURA-SEM-2020-2.pdf" target="_blank" rel="noopener noreferrer"><span style="font-family: 'Century Gothic';">Bécalos Licenciatura 2020-2</span></a></li>
<li><a style="color: #616161;" href="https://www.becarios.unam.mx/Portal2018/wp-content/uploads/2019/09/Manutenci%C3%B3n-UNAM-2020_compressed.pdf" target="_blank" rel="noopener noreferrer"><span style="font-family: 'Century Gothic';">Beca deManutención 2019</span></a></li>
<li><a style="color: #616161;" href="https://www.becarios.unam.mx/Portal2018/wp-content/uploads/2019/11/CONVOCATORIA_MANUTENCION-EXT_compressed1.pdf" target="_blank" rel="noopener noreferrer"><span style="font-family: 'Century Gothic';">Beca de Manutención Extraordinaria 2019</span></a></li>
<li><a style="color: #616161;" href="https://www.becarios.unam.mx/Portal2018/wp-content/uploads/2020/03/MANUTENCION-NUEVAS-FECHAS.pdf" target="_blank" rel="noopener noreferrer"><span style="font-family: 'Century Gothic';">Beca de Manutención Semestre 2020-2</span></a></li>
<li><a style="color: #616161;" href="https://www.becarios.unam.mx/Portal2018/wp-content/uploads/2019/09/CONVOCATORIA_PFMU_2019-2020.1_compressed.pdf" target="_blank" rel="noopener noreferrer"><span style="font-family: 'Century Gothic';">Fortalecimiento Académico Para Las Mujeres Universitarias</span></a></li>
<li><a style="color: #616161;" href="https://www.becarios.unam.mx/Portal2018/wp-content/uploads/2019/08/CONVOCATORIA_PFEL_PAEA_2019-2020.pdf" target="_blank" rel="noopener noreferrer"><span style="font-family: 'Century Gothic';">Fortalecimiento y Alta exigencia Académica</span></a></li>
</ul>
<h3><span style="color: #183659; font-family: 'Century Gothic';">Bachillerato</span></h3>
<ul style="list-style-type: disc;">
<li><a style="color: #616161;" href="https://www.becarios.unam.mx/Portal2018/wp-content/uploads/2018/06/APOYO-NUTRICIONAL_CONVOCATORIA_2019-1_comprimido.pdf" target="_blank" rel="noopener noreferrer"><span style="font-family: 'Century Gothic';">Programa De Apoyo Nutricional 2019-1</span></a></li>
<li><a style="color: #616161;" href="https://www.becarios.unam.mx/Portal2018/wp-content/uploads/2019/01/APOYO-NUTRICIONAL_CONVOCATORIA_1-ilovepdf-compressed-6.pdf" target="_blank" rel="noopener noreferrer"><span style="font-family: 'Century Gothic';">Programa De Apoyo Nutricional 2019-2</span></a></li>
<li><a style="color: #616161;" href="https://www.becarios.unam.mx/Portal2018/wp-content/uploads/2018/07/Convocatoria-2019-1-Equipos-representativos.pdf" target="_blank" rel="noopener noreferrer"><span style="font-family: 'Century Gothic';">Alumnos Deportistas de la UNAM 2019-1</span></a></li>
<li><a style="color: #616161;" href="https://www.becarios.unam.mx/Portal2018/wp-content/uploads/2019/02/Beca_deportistas_2019-2.pdf" target="_blank" rel="noopener noreferrer"> <span style="font-family: 'Century Gothic';"> Alumnos Deportistas de la UNAM 2019-2</span></a><a style="color: #616161;" href="https://www.becarios.unam.mx/Portal2018/wp-content/uploads/2018/09/Convocatoria_Discapacidad-2019-1.pdf" target="_blank" rel="noopener noreferrer"> </a><a style="color: #616161;" href="https://www.becasmediasuperior.sep.gob.mx/beca-transporte-18" target="_blank" rel="noopener noreferrer"> </a></li>
<li><a style="color: #616161;" href="https://www.becarios.unam.mx/Portal2018/wp-content/uploads/2019/06/Convocatoria-oficial_compressed.pdf" target="_blank" rel="noopener noreferrer"> <span style="font-family: 'Century Gothic';"> Permanencia Escolar EDOMEX</span></a></li>
</ul>
<h3><span style="color: #183659; font-family: 'Century Gothic';">Iniciación Universitaria</span></h3>
<ul>
<li><a style="color: #616161;" href="https://www.becarios.unam.mx/Portal2018/wp-content/uploads/2020/02/CONVOCATORIA_APOYO-VULNERABLES_2020.pdf" target="_blank" rel="noopener noreferrer"> <span style="font-family: 'Century Gothic';"> Grupos Vulnerables 2020</span></a></li>
</ul>

<p>Egresados Titulación Alto Rendimiento Titulación Proyectos de Investigación Titulación Egresados Extemporáneos Titulación Egresados Especialidad Titulación facultad de Filosofía y Letras Licenciatura Programa De Apoyo Nutricional 2020-1 Programa De Apoyo Nutricional 2020-2 Alumnos Deportistas de&#46;&#46;&#46;</p>
